x + k + 3*k = 16. List the prime factors of x.
2
Let x(s) = s**2 + 11*s + 5. Let n be x(-7). Let k = n - -32. List the prime factors of k.
3
List the prime factors of (-3968)/(-24)*6/4.
2, 31
Let m be (-28)/(-3) - (-2)/(-6). What are the prime factors of (24/m)/((-2)/(-3))?
2
Let z(n) = -7*n**3 - 2*n**2 - 4*n - 2. Let h be z(-2). Let t = h - 27. Suppose -2*s - 3*p = -0*p - t, 0 = -3*p - 3. List the prime factors of s.
3, 5
Let i(o) = -o**2 + 18*o - 11. Let m be i(8). Suppose 4*d = 6*d, 3*j - 4*d = m. List the prime factors of j.
23
Suppose -o + 4 = o. Suppose 4*a = -2*d + 84, -o*a + 194 + 24 = 5*d. Suppose d + 4 = 3*s. List the prime factors of s.
2
Let i be (12/9)/(4/66). Let b = i + -16. List the prime factors of b.
2, 3
Let x be ((-34)/51)/((-2)/(-144)). Let o = -25 - x. List the prime factors of o.
23
Let y = 0 - -1. Let l = y + 3. Suppose -l*f = -9*f + 60. What are the prime factors of f?
2, 3
Suppose -3*x + 121 = -83. List the prime factors of x.
2, 17
Suppose 0 = -3*d + 2*s - 51, -3*d = -2*s + 4*s + 39. Let w be (-672)/d + (-2)/(-10). Let a = w - 27. List the prime factors of a.
2, 3
Suppose d = 0, -5*h + 92 = -h + 3*d. Suppose 3*i = 2*i + h. List the prime factors of i.
23
Let b(p) = -37*p - 9. Let d be b(-6). Suppose 0*j = -3*j + d. Suppose -4*k - v + 72 = -5*v, -2*k - 5*v = -j. What are the prime factors of k?
23
Let c = 50 - 36. Suppose b - c = -5. Let f = b + -3. What are the prime factors of f?
2, 3
Suppose -4*y - 3 = -5*y. Suppose 0*m - 6 = -2*m. Suppose y*r - m = 15. What are the prime factors of r?
2, 3
Suppose 5*d = -2*s + 1210, -4*d + 455 = -2*d - 5*s. What are the prime factors of d?
2, 3, 5
Let q(l) = l**3 - 10*l**2 + l - 10. Let a be q(10). Suppose 4*c - 15 = -2*r + 9, -r - 5*c + 9 = a. List the prime factors of r.
2, 7
Let k be (-60)/27 + (-2)/(-9). Let r(u) = u**2 - 2. Let m be r(k). Suppose m*x - 54 = -x + 3*t, -3*x + 5*t + 48 = 0. What are the prime factors of x?
3, 7
Suppose 23 = i + 7. What are the prime factors of i?
2
Let b(v) be the third derivative of -5/2*v**3 - 3*v**2 + 1/12*v**4 + 1/6*v**5 - 1/120*v**6 + 0*v + 0. What are the prime factors of b(10)?
5
Suppose 0 = -2*l + 1 + 5, 5*l - 23 = -2*c. Suppose k = -5*j + 46, -2*j = -c*j - 5*k. Suppose -w = 0, y + 2*w - j = 1. What are the prime factors of y?
11
Suppose -4*h = 4, 2*u - 3*h - 19 = u. Let q = -9 + u. Suppose q + 33 = 4*a. What are the prime factors of a?
2, 5
Let c = -41 - -62. List the prime factors of c.
3, 7
Suppose 22 = h - 7. Let c = 43 - h. List the prime factors of c.
2, 7
Let l = -2 - -6. Suppose -6*v = -l*v - 44. What are the prime factors of v?
2, 11
Suppose -j = 2*j - 3, -79 = -4*a - 3*j. List the prime factors of a.
19
Let c(p) = p**3 + 4*p**2 + p + 5. Let d(l) = l. Let q(w) = c(w) - d(w). Let s(f) = f**3 - 4*f**2 - 7*f + 6. Let a be s(5). List the prime factors of q(a).
5
Suppose 3*t + 5 = 4*t, -14 = 3*q - 4*t. Suppose 2*w + q*w = 8. What are the prime factors of w?
2
Let b(v) = -v**3 + 7*v**2 - 7*v + 4. Let r be b(6). Let p = 2 + r. Suppose 0 = -4*n - p + 12. List the prime factors of n.
3
Suppose -r - 3*r = -144. List the prime factors of r.
2, 3
Let v(g) = -44*g - 2 + 34*g + 0. What are the prime factors of v(-4)?
2, 19
Let u be (4/(-6))/((-2)/6). Let n(p) = 2*p - 2. Let o be n(3). Suppose 0 = -0*k - k + 4, o*w - 88 = -u*k. What are the prime factors of w?
2, 5
Let o be (1/(-2))/(7/(-238)). Let y = 35 - o. What are the prime factors of 14/63 - (-230)/y?
13
Let f = -7 + 11. Let r(z) = 2*z**2 - z - 2. Let m be r(6). Suppose 0 = -0*g + f*g - m. List the prime factors of g.
2
Suppose 3*u = 4*b + 63, -4*u + 5*b = 3*b - 94. List the prime factors of u.
5
Let y = 187 + -141. List the prime factors of y.
2, 23
Suppose 3*i - 81 = -2*k - k, 3*k - 3*i = 105. List the prime factors of k.
31
Suppose -2*a - 4 = -4*u - 34, 0 = 2*a - 2*u - 28. Let g be (-183)/(-21) + 2/7. Suppose 3*z + g = -5*o - 2, -z - a = 4*o. What are the prime factors of z?
3
Let n(y) = -4*y + 2*y + 3 - y - y**2. Let w(f) = -2*f**2 - 7*f + 5. Let g(h) = -5*n(h) + 2*w(h). List the prime factors of g(4).
3, 5
Suppose 3*x = -3*r + 141, 5*r - r = -2*x + 194. List the prime factors of r.
2, 5
Let f(u) = 4*u + 1. Let b be f(2). Let j be (-12)/b*(-3 + 0). Suppose 2*y + 8 = j*y. What are the prime factors of y?
2
Let q(m) = m - 14. Suppose -n + 0 = 3. Let c(f) = 2*f - 15. Let h(r) = n*q(r) + 2*c(r). What are the prime factors of h(-6)?
2, 3
Suppose 0 = 9*u - u - 64. What are the prime factors of u?
2
Let v be (-1)/(-1) + 2/(-1). Let w be 7/((-21)/108)*v. Suppose -w = -2*y - z, 3*y - z = 2*y + 12. What are the prime factors of y?
2
List the prime factors of (-51)/(-4 + (-102)/(-30)).
5, 17
Suppose 2*h + 2 = -0*a + a, -3*a - h - 1 = 0. Suppose -4*i + p + 55 = 0, a*i - 3*p = 5*i - 56. List the prime factors of i.
13
Suppose 0 = h - 4, 0 = 5*l + h - 38 - 11. Suppose y + 2*y = 3, 0 = -2*t + 3*y + l. List the prime factors of t.
2, 3
Let u(q) = -q + 1. Let o(a) = 27*a - 5. Let b(f) = -o(f) - 2*u(f). What are the prime factors of b(-2)?
53
What are the prime factors of (2 + (-10 - -1))*-9?
3, 7
Let f be (-3 - 3)*(1 + -2). Suppose 0 = c + c - f. Suppose -16 = -4*v, 8*v - 5 = 3*m + c*v. List the prime factors of m.
5
Suppose i - 19 = 3. Suppose -i - 2 = -4*z. Suppose -v = -3*y - 15, -y = -3*y - z. What are the prime factors of v?
2, 3
Suppose 4*r - 3*r - 59 = 0. List the prime factors of r.
59
Suppose 4*c - c = -12, -w = -2*c - 22. Let u(g) = g**3 - g**2 + g + 3. Let t be u(0). Suppose w + 1 = t*i. List the prime factors of i.
5
Let a = -21 - -87. What are the prime factors of a?
2, 3, 11
Let r(y) = y - 1. Let f(j) = 2*j - 16. Let g(d) = -f(d) + 4*r(d). List the prime factors of g(16).
2, 11
Suppose -2*q + 0*q + 18 = 0. What are the prime factors of q?
3
Let a be 128/7 - (-2)/(-7). Let r = -13 + a. Suppose -2*k - 17 = -u, 57 + 4 = r*u - 4*k. List the prime factors of u.
3
Suppose 3 = -5*r - 4*v, 21 = -6*r + r + 2*v. List the prime factors of r + 2 + (-1 - -15).
13
List the prime factors of -4*(14/(-4) + 3) - -8.
2, 5
Suppose f = 2*l - 0 - 4, 0 = 3*f - 4*l + 8. Suppose 13 + 14 = k - 2*j, f = -3*k - 5*j + 114. What are the prime factors of k?
3, 11
Let y = 40 - 24. Suppose 3*z - i = 20, 0*i - 5*i = -z + y. What are the prime factors of z?
2, 3
Suppose j = 2*k + 24, -3*k = 3*j - 39 - 6. List the prime factors of j.
2, 3
Suppose 4*k = 5*b - 350, -4*k - 48 = -b + 22. Suppose 4*a = -a + b. Suppose -a + 2 = -t. What are the prime factors of t?
2, 3
Let k(t) = -t**2 - 15*t - 15. List the prime factors of k(-12).
3, 7
Suppose 5*g + 4*p + 3 = -0*p, -5*p - 7 = 3*g. Let h(s) = -3 + 4*s - 1 - 2 - g. List the prime factors of h(6).
17
Let c = -17 - -45. List the prime factors of c.
2, 7
Suppose -3*u - 4*q = -44, 2*q = -3*u - 0*q + 40. Suppose 0*r - 4*r = -u. Suppose -4*j = r*h + 3, 3*h = -2*j + h - 4. What are the prime factors of j?
3
Suppose -w - 152 = -3*w. Let q = -43 + w. Suppose 0*p - 4*p + 6 = 2*b, -q = -b + 4*p. What are the prime factors of b?
13
What are the prime factors of 376 - (-1)/((-4)/(-24))?
2, 191
Let r(v) = 6*v - 2. Let u be r(2). Let i = -39 + 58. Let y = i - u. List the prime factors of y.
3
Let w be -28*(9/(-6) - -1). Let y = w - 9. What are the prime factors of y?
5
Let k(z) = -z**2 - 6*z - 4. Let p be k(-4). Suppose 4*u = p*t + 16, 0*u = u - 2*t - 3. Suppose -10 = -u*l + 50. What are the prime factors of l?
2, 3
Suppose u = -3*u + 36. Suppose -u = -6*b + 3*b + 4*f, -3*b = -f. List the prime factors of b - -15 - (0 - -2).
2, 3
Let c = -101 - -154. What are the prime factors of c?
53
Suppose 18 = 2*g + 2*i + 2*i, -47 = -4*g + 3*i. List the prime factors of g.
11
Let a(v) = -v**2 - 3*v + 4. Suppose -c - 3 = -1, 4*j = 2*c - 8. Let f be a(j). Suppose 4*x + f*w = 28, 2*x - 4 = -5*w + 7. What are the prime factors of x?
2
Suppose 3*u = -i + 1, u = -i - u + 2. Suppose 0 = -i*c - 2 + 14. Suppose -c*r = -4*l + 55, 5*l + r - 17 - 28 = 0. What are the prime factors of l?
2, 5
What are the prime factors of (-167)/(-13) + (-2)/(-13)?
13
Suppose 2*l - 10*l = -368. List the prime factors of l.
2, 23
Suppose -r - 4*w - 10 = 0, 0*r - 2*w = r + 2. What are the prime factors of r?
2, 3
Let b = -31 - -53. Suppose -b = -5*w + 53. Suppose 5 = 2*i - w. What are the prime factors of i?
2, 5
Suppose 252 = 5*y 